{"id":58,"date":"2019-12-11T21:07:14","date_gmt":"2019-12-11T21:07:14","guid":{"rendered":"https:\/\/ludothek-elsau.ch\/wordpress\/?page_id=58"},"modified":"2025-09-27T13:52:45","modified_gmt":"2025-09-27T13:52:45","slug":"kerzenziehen-2019","status":"publish","type":"page","link":"https:\/\/ludothek-elsau.ch\/wordpress\/?page_id=58","title":{"rendered":"Anl\u00e4sse"},"content":{"rendered":"\n<h1 class=\"wp-block-heading\">Kerzenziehen 2025<\/h1>\n\n\n\n<p>Das Kerzenziehen findest dieses Jahr vom<strong> 5. &#8211; 12. November 2025<\/strong> wie letztes Jahr<strong> <\/strong>hinter dem <strong>Kirchgemeindehaus Elsau<\/strong> im <strong>&#8222;Kerzenzieh-Zelt&#8220;<\/strong> statt!<\/p>\n\n\n\n<p><strong>\u00d6ffnungszeiten<\/strong><\/p>\n\n\n\n<figure class=\"wp-block-table\"><table><tbody><tr><td>Mittwoch, 5. November 2025 von 13.30 &#8211; 18.00 Uhr<\/td><\/tr><tr><td>Donnerstag, 6. November 2025 von 13.30 &#8211; 18.00 Uhr<\/td><\/tr><tr><td>Freitag, 7. November 2025 von 13.30 &#8211; 20.00 Uhr<\/td><\/tr><tr><td>Samstag, 8. November 2025 von 11.00 &#8211; 18.00 Uhr<\/td><\/tr><tr><td>Sonntag, 9. November 2025 von 11.00 &#8211; 18.00 Uhr<\/td><\/tr><tr><td>Montag, 10. November 2025 von 13.30 &#8211; 18.00 Uhr<\/td><\/tr><tr><td>Dienstag, 11. November 2025 von 13.30 &#8211; 17.00 Uhr<\/td><\/tr><tr><td>Mittwoch, 12. November 2025 von 13.30 &#8211; 17.00 Uhr<\/td><\/tr><\/tbody><\/table><\/figure>\n\n\n\n<p><strong>Mitbringen: Baumwolllappen<\/strong><\/p>\n\n\n\n<p>In vorweihnachtlicher Atmosph\u00e4re k\u00f6nnen  kleine und grosse Kunstwerke aus buntem Kerzenwachs und nat\u00fcrlichem  Bienenwachs gezogen werden.<\/p>\n\n\n\n<p>Es besteht die M\u00f6glichkeit, mit TWINT zu zahlen.<\/p>\n\n\n\n<p>Unser Kerzenziehen ist sehr beliebt und viele kleine und grosse  K\u00fcnstler nutzen die einmalige Gelegenheit, um f\u00fcr sich selbst oder f\u00fcr  ihr Mami, Gotti oder Grosi ein kreatives Weihnachtsgeschenk zu zaubern.<\/p>\n\n\n\n<p>\u00dcbrigens: Wir vom Ludoteam kennen eine ganze Menge Tricks, wie Eure  Kerzen noch sch\u00f6ner aussehen! Egal ob verdreht, geschnitzt oder mit speziellem  Schneeflockenfinish verziert \u2013 der Fantasie sind keine  Grenzen gesetzt.<\/p>\n\n\n\n<p><strong>Infos f\u00fcr Gruppen und Schulklassen<\/strong><\/p>\n\n\n\n<p>F\u00fcr Schulklassen und Gruppen ab 6 Personen \u00f6ffnen wir nach telephonischer Anmeldung auch am Morgen von 08.00 &#8211; 12.00 Uhr.<br>Anmeldung Telefon 077\/405 94 09, Ludothek Elsau<\/p>\n\n\n\n<div class=\"wp-block-file\"><\/div>\n\n\n\n<figure class=\"wp-block-gallery has-nested-images columns-default is-cropped wp-block-gallery-1 is-layout-flex wp-block-gallery-is-layout-flex\">\n<figure class=\"wp-block-image size-large\"><img loading=\"lazy\" decoding=\"async\" width=\"683\" height=\"1024\" data-id=\"70\" src=\"https:\/\/ludothek-elsau.ch\/wordpress\/wp-content\/uploads\/2019\/12\/IMG_3538-683x1024.jpeg\" alt=\"\" class=\"wp-image-70\" srcset=\"https:\/\/ludothek-elsau.ch\/wordpress\/wp-content\/uploads\/2019\/12\/IMG_3538-683x1024.jpeg 683w, https:\/\/ludothek-elsau.ch\/wordpress\/wp-content\/uploads\/2019\/12\/IMG_3538-200x300.jpeg 200w, https:\/\/ludothek-elsau.ch\/wordpress\/wp-content\/uploads\/2019\/12\/IMG_3538-768x1152.jpeg 768w, https:\/\/ludothek-elsau.ch\/wordpress\/wp-content\/uploads\/2019\/12\/IMG_3538-1024x1536.jpeg 1024w, https:\/\/ludothek-elsau.ch\/wordpress\/wp-content\/uploads\/2019\/12\/IMG_3538-1365x2048.jpeg 1365w, https:\/\/ludothek-elsau.ch\/wordpress\/wp-content\/uploads\/2019\/12\/IMG_3538-scaled.jpeg 1707w\" sizes=\"auto, (max-width: 683px) 100vw, 683px\" \/><\/figure>\n\n\n\n<figure class=\"wp-block-image size-large\"><img loading=\"lazy\" decoding=\"async\" width=\"683\" height=\"1024\" data-id=\"73\" src=\"https:\/\/ludothek-elsau.ch\/wordpress\/wp-content\/uploads\/2019\/12\/IMG_3556-683x1024.jpeg\" alt=\"\" class=\"wp-image-73\" srcset=\"https:\/\/ludothek-elsau.ch\/wordpress\/wp-content\/uploads\/2019\/12\/IMG_3556-683x1024.jpeg 683w, https:\/\/ludothek-elsau.ch\/wordpress\/wp-content\/uploads\/2019\/12\/IMG_3556-200x300.jpeg 200w, https:\/\/ludothek-elsau.ch\/wordpress\/wp-content\/uploads\/2019\/12\/IMG_3556-768x1151.jpeg 768w, https:\/\/ludothek-elsau.ch\/wordpress\/wp-content\/uploads\/2019\/12\/IMG_3556-1025x1536.jpeg 1025w, https:\/\/ludothek-elsau.ch\/wordpress\/wp-content\/uploads\/2019\/12\/IMG_3556-1367x2048.jpeg 1367w, https:\/\/ludothek-elsau.ch\/wordpress\/wp-content\/uploads\/2019\/12\/IMG_3556-scaled.jpeg 1708w\" sizes=\"auto, (max-width: 683px) 100vw, 683px\" \/><\/figure>\n\n\n\n<figure class=\"wp-block-image size-large\"><img loading=\"lazy\" decoding=\"async\" width=\"1024\" height=\"683\" data-id=\"67\" src=\"https:\/\/ludothek-elsau.ch\/wordpress\/wp-content\/uploads\/2019\/12\/IMG_3539-1024x683.jpeg\" alt=\"\" class=\"wp-image-67\" srcset=\"https:\/\/ludothek-elsau.ch\/wordpress\/wp-content\/uploads\/2019\/12\/IMG_3539-1024x683.jpeg 1024w, https:\/\/ludothek-elsau.ch\/wordpress\/wp-content\/uploads\/2019\/12\/IMG_3539-300x200.jpeg 300w, https:\/\/ludothek-elsau.ch\/wordpress\/wp-content\/uploads\/2019\/12\/IMG_3539-768x512.jpeg 768w, https:\/\/ludothek-elsau.ch\/wordpress\/wp-content\/uploads\/2019\/12\/IMG_3539-1536x1024.jpeg 1536w, https:\/\/ludothek-elsau.ch\/wordpress\/wp-content\/uploads\/2019\/12\/IMG_3539-2048x1365.jpeg 2048w\" sizes=\"auto, (max-width: 706px) 89vw, (max-width: 767px) 82vw, 740px\" \/><\/figure>\n\n\n\n<figure class=\"wp-block-image size-large\"><img loading=\"lazy\" decoding=\"async\" width=\"1024\" height=\"683\" data-id=\"79\" src=\"https:\/\/ludothek-elsau.ch\/wordpress\/wp-content\/uploads\/2019\/12\/826FB78A-488E-4565-A41B-A92A2EC24016_1_105_c-1024x683.jpeg\" alt=\"\" class=\"wp-image-79\" srcset=\"https:\/\/ludothek-elsau.ch\/wordpress\/wp-content\/uploads\/2019\/12\/826FB78A-488E-4565-A41B-A92A2EC24016_1_105_c-1024x683.jpeg 1024w, https:\/\/ludothek-elsau.ch\/wordpress\/wp-content\/uploads\/2019\/12\/826FB78A-488E-4565-A41B-A92A2EC24016_1_105_c-300x200.jpeg 300w, https:\/\/ludothek-elsau.ch\/wordpress\/wp-content\/uploads\/2019\/12\/826FB78A-488E-4565-A41B-A92A2EC24016_1_105_c-768x512.jpeg 768w, https:\/\/ludothek-elsau.ch\/wordpress\/wp-content\/uploads\/2019\/12\/826FB78A-488E-4565-A41B-A92A2EC24016_1_105_c.jpeg 1086w\" sizes=\"auto, (max-width: 706px) 89vw, (max-width: 767px) 82vw, 740px\" \/><\/figure>\n\n\n\n<figure class=\"wp-block-image size-large\"><img loading=\"lazy\" decoding=\"async\" width=\"1024\" height=\"683\" data-id=\"76\" src=\"https:\/\/ludothek-elsau.ch\/wordpress\/wp-content\/uploads\/2019\/12\/AF0D74BD-DD9B-4FC2-9B4E-F694D45F17DD_1_105_c-1024x683.jpeg\" alt=\"\" class=\"wp-image-76\" srcset=\"https:\/\/ludothek-elsau.ch\/wordpress\/wp-content\/uploads\/2019\/12\/AF0D74BD-DD9B-4FC2-9B4E-F694D45F17DD_1_105_c-1024x683.jpeg 1024w, https:\/\/ludothek-elsau.ch\/wordpress\/wp-content\/uploads\/2019\/12\/AF0D74BD-DD9B-4FC2-9B4E-F694D45F17DD_1_105_c-300x200.jpeg 300w, https:\/\/ludothek-elsau.ch\/wordpress\/wp-content\/uploads\/2019\/12\/AF0D74BD-DD9B-4FC2-9B4E-F694D45F17DD_1_105_c-768x512.jpeg 768w, https:\/\/ludothek-elsau.ch\/wordpress\/wp-content\/uploads\/2019\/12\/AF0D74BD-DD9B-4FC2-9B4E-F694D45F17DD_1_105_c.jpeg 1086w\" sizes=\"auto, (max-width: 706px) 89vw, (max-width: 767px) 82vw, 740px\" \/><\/figure>\n\n\n\n<figure class=\"wp-block-image size-large\"><img loading=\"lazy\" decoding=\"async\" width=\"1024\" height=\"683\" data-id=\"78\" src=\"https:\/\/ludothek-elsau.ch\/wordpress\/wp-content\/uploads\/2019\/12\/A0E72655-2F24-49A8-A4B3-2D284F52CF3C_1_105_c-1024x683.jpeg\" alt=\"\" class=\"wp-image-78\" srcset=\"https:\/\/ludothek-elsau.ch\/wordpress\/wp-content\/uploads\/2019\/12\/A0E72655-2F24-49A8-A4B3-2D284F52CF3C_1_105_c-1024x683.jpeg 1024w, https:\/\/ludothek-elsau.ch\/wordpress\/wp-content\/uploads\/2019\/12\/A0E72655-2F24-49A8-A4B3-2D284F52CF3C_1_105_c-300x200.jpeg 300w, https:\/\/ludothek-elsau.ch\/wordpress\/wp-content\/uploads\/2019\/12\/A0E72655-2F24-49A8-A4B3-2D284F52CF3C_1_105_c-768x512.jpeg 768w, https:\/\/ludothek-elsau.ch\/wordpress\/wp-content\/uploads\/2019\/12\/A0E72655-2F24-49A8-A4B3-2D284F52CF3C_1_105_c.jpeg 1086w\" sizes=\"auto, (max-width: 706px) 89vw, (max-width: 767px) 82vw, 740px\" \/><\/figure>\n\n\n\n<figure class=\"wp-block-image size-large\"><img loading=\"lazy\" decoding=\"async\" width=\"1024\" height=\"683\" data-id=\"80\" src=\"https:\/\/ludothek-elsau.ch\/wordpress\/wp-content\/uploads\/2019\/12\/4495DD5F-8D02-43E9-8DB2-49B1220120F2_1_105_c-1024x683.jpeg\" alt=\"\" class=\"wp-image-80\" srcset=\"https:\/\/ludothek-elsau.ch\/wordpress\/wp-content\/uploads\/2019\/12\/4495DD5F-8D02-43E9-8DB2-49B1220120F2_1_105_c-1024x683.jpeg 1024w, https:\/\/ludothek-elsau.ch\/wordpress\/wp-content\/uploads\/2019\/12\/4495DD5F-8D02-43E9-8DB2-49B1220120F2_1_105_c-300x200.jpeg 300w, https:\/\/ludothek-elsau.ch\/wordpress\/wp-content\/uploads\/2019\/12\/4495DD5F-8D02-43E9-8DB2-49B1220120F2_1_105_c-768x512.jpeg 768w, https:\/\/ludothek-elsau.ch\/wordpress\/wp-content\/uploads\/2019\/12\/4495DD5F-8D02-43E9-8DB2-49B1220120F2_1_105_c.jpeg 1086w\" sizes=\"auto, (max-width: 706px) 89vw, (max-width: 767px) 82vw, 740px\" \/><\/figure>\n\n\n\n<figure class=\"wp-block-image size-large\"><img loading=\"lazy\" decoding=\"async\" width=\"1024\" height=\"683\" data-id=\"81\" src=\"https:\/\/ludothek-elsau.ch\/wordpress\/wp-content\/uploads\/2019\/12\/F1843305-E691-46AA-90B7-8549C4BF564A_1_105_c-1024x683.jpeg\" alt=\"\" class=\"wp-image-81\" srcset=\"https:\/\/ludothek-elsau.ch\/wordpress\/wp-content\/uploads\/2019\/12\/F1843305-E691-46AA-90B7-8549C4BF564A_1_105_c-1024x683.jpeg 1024w, https:\/\/ludothek-elsau.ch\/wordpress\/wp-content\/uploads\/2019\/12\/F1843305-E691-46AA-90B7-8549C4BF564A_1_105_c-300x200.jpeg 300w, https:\/\/ludothek-elsau.ch\/wordpress\/wp-content\/uploads\/2019\/12\/F1843305-E691-46AA-90B7-8549C4BF564A_1_105_c-768x512.jpeg 768w, https:\/\/ludothek-elsau.ch\/wordpress\/wp-content\/uploads\/2019\/12\/F1843305-E691-46AA-90B7-8549C4BF564A_1_105_c.jpeg 1086w\" sizes=\"auto, (max-width: 706px) 89vw, (max-width: 767px) 82vw, 740px\" \/><\/figure>\n\n\n\n<figure class=\"wp-block-image size-large\"><img loading=\"lazy\" decoding=\"async\" width=\"1024\" height=\"683\" data-id=\"77\" src=\"https:\/\/ludothek-elsau.ch\/wordpress\/wp-content\/uploads\/2019\/12\/B97D1F47-39F8-4885-8109-2D8ED66C19FA_1_105_c-1024x683.jpeg\" alt=\"\" class=\"wp-image-77\" srcset=\"https:\/\/ludothek-elsau.ch\/wordpress\/wp-content\/uploads\/2019\/12\/B97D1F47-39F8-4885-8109-2D8ED66C19FA_1_105_c-1024x683.jpeg 1024w, https:\/\/ludothek-elsau.ch\/wordpress\/wp-content\/uploads\/2019\/12\/B97D1F47-39F8-4885-8109-2D8ED66C19FA_1_105_c-300x200.jpeg 300w, https:\/\/ludothek-elsau.ch\/wordpress\/wp-content\/uploads\/2019\/12\/B97D1F47-39F8-4885-8109-2D8ED66C19FA_1_105_c-768x512.jpeg 768w, https:\/\/ludothek-elsau.ch\/wordpress\/wp-content\/uploads\/2019\/12\/B97D1F47-39F8-4885-8109-2D8ED66C19FA_1_105_c.jpeg 1086w\" sizes=\"auto, (max-width: 706px) 89vw, (max-width: 767px) 82vw, 740px\" \/><\/figure>\n\n\n\n<figure class=\"wp-block-image size-large\"><img loading=\"lazy\" decoding=\"async\" width=\"1024\" height=\"683\" data-id=\"84\" src=\"https:\/\/ludothek-elsau.ch\/wordpress\/wp-content\/uploads\/2019\/12\/232668D5-A7E4-4B38-9DC4-1F7612535D6D_1_105_c-1024x683.jpeg\" alt=\"\" class=\"wp-image-84\" srcset=\"https:\/\/ludothek-elsau.ch\/wordpress\/wp-content\/uploads\/2019\/12\/232668D5-A7E4-4B38-9DC4-1F7612535D6D_1_105_c-1024x683.jpeg 1024w, https:\/\/ludothek-elsau.ch\/wordpress\/wp-content\/uploads\/2019\/12\/232668D5-A7E4-4B38-9DC4-1F7612535D6D_1_105_c-300x200.jpeg 300w, https:\/\/ludothek-elsau.ch\/wordpress\/wp-content\/uploads\/2019\/12\/232668D5-A7E4-4B38-9DC4-1F7612535D6D_1_105_c-768x512.jpeg 768w, https:\/\/ludothek-elsau.ch\/wordpress\/wp-content\/uploads\/2019\/12\/232668D5-A7E4-4B38-9DC4-1F7612535D6D_1_105_c.jpeg 1086w\" sizes=\"auto, (max-width: 706px) 89vw, (max-width: 767px) 82vw, 740px\" \/><\/figure>\n\n\n\n<figure class=\"wp-block-image size-large\"><img loading=\"lazy\" decoding=\"async\" width=\"1024\" height=\"683\" data-id=\"86\" src=\"https:\/\/ludothek-elsau.ch\/wordpress\/wp-content\/uploads\/2019\/12\/C3014976-5EE8-4382-A50D-41EFE371A076_1_105_c-1024x683.jpeg\" alt=\"\" class=\"wp-image-86\" srcset=\"https:\/\/ludothek-elsau.ch\/wordpress\/wp-content\/uploads\/2019\/12\/C3014976-5EE8-4382-A50D-41EFE371A076_1_105_c-1024x683.jpeg 1024w, https:\/\/ludothek-elsau.ch\/wordpress\/wp-content\/uploads\/2019\/12\/C3014976-5EE8-4382-A50D-41EFE371A076_1_105_c-300x200.jpeg 300w, https:\/\/ludothek-elsau.ch\/wordpress\/wp-content\/uploads\/2019\/12\/C3014976-5EE8-4382-A50D-41EFE371A076_1_105_c-768x512.jpeg 768w, https:\/\/ludothek-elsau.ch\/wordpress\/wp-content\/uploads\/2019\/12\/C3014976-5EE8-4382-A50D-41EFE371A076_1_105_c.jpeg 1086w\" sizes=\"auto, (max-width: 706px) 89vw, (max-width: 767px) 82vw, 740px\" \/><\/figure>\n\n\n\n<figure class=\"wp-block-image size-large\"><img loading=\"lazy\" decoding=\"async\" width=\"1024\" height=\"683\" data-id=\"91\" src=\"https:\/\/ludothek-elsau.ch\/wordpress\/wp-content\/uploads\/2019\/12\/3D552BAE-86AA-43D6-9B53-3A2D2CA15BD8_1_105_c-1024x683.jpeg\" alt=\"\" class=\"wp-image-91\" srcset=\"https:\/\/ludothek-elsau.ch\/wordpress\/wp-content\/uploads\/2019\/12\/3D552BAE-86AA-43D6-9B53-3A2D2CA15BD8_1_105_c-1024x683.jpeg 1024w, https:\/\/ludothek-elsau.ch\/wordpress\/wp-content\/uploads\/2019\/12\/3D552BAE-86AA-43D6-9B53-3A2D2CA15BD8_1_105_c-300x200.jpeg 300w, https:\/\/ludothek-elsau.ch\/wordpress\/wp-content\/uploads\/2019\/12\/3D552BAE-86AA-43D6-9B53-3A2D2CA15BD8_1_105_c-768x512.jpeg 768w, https:\/\/ludothek-elsau.ch\/wordpress\/wp-content\/uploads\/2019\/12\/3D552BAE-86AA-43D6-9B53-3A2D2CA15BD8_1_105_c.jpeg 1086w\" sizes=\"auto, (max-width: 706px) 89vw, (max-width: 767px) 82vw, 740px\" \/><\/figure>\n\n\n\n<figure class=\"wp-block-image size-large\"><img loading=\"lazy\" decoding=\"async\" width=\"683\" height=\"1024\" data-id=\"100\" src=\"https:\/\/ludothek-elsau.ch\/wordpress\/wp-content\/uploads\/2019\/12\/02C7CFC8-E890-4CDE-89A2-7D4B13FC1682_1_105_c-683x1024.jpeg\" alt=\"\" class=\"wp-image-100\" srcset=\"https:\/\/ludothek-elsau.ch\/wordpress\/wp-content\/uploads\/2019\/12\/02C7CFC8-E890-4CDE-89A2-7D4B13FC1682_1_105_c-683x1024.jpeg 683w, https:\/\/ludothek-elsau.ch\/wordpress\/wp-content\/uploads\/2019\/12\/02C7CFC8-E890-4CDE-89A2-7D4B13FC1682_1_105_c-200x300.jpeg 200w, https:\/\/ludothek-elsau.ch\/wordpress\/wp-content\/uploads\/2019\/12\/02C7CFC8-E890-4CDE-89A2-7D4B13FC1682_1_105_c.jpeg 724w\" sizes=\"auto, (max-width: 683px) 100vw, 683px\" \/><\/figure>\n\n\n\n<figure class=\"wp-block-image size-large\"><img loading=\"lazy\" decoding=\"async\" width=\"683\" height=\"1024\" data-id=\"102\" src=\"https:\/\/ludothek-elsau.ch\/wordpress\/wp-content\/uploads\/2019\/12\/19FEC541-64AF-4E20-8C72-BA1116BDAA10_1_105_c-683x1024.jpeg\" alt=\"\" class=\"wp-image-102\" srcset=\"https:\/\/ludothek-elsau.ch\/wordpress\/wp-content\/uploads\/2019\/12\/19FEC541-64AF-4E20-8C72-BA1116BDAA10_1_105_c-683x1024.jpeg 683w, https:\/\/ludothek-elsau.ch\/wordpress\/wp-content\/uploads\/2019\/12\/19FEC541-64AF-4E20-8C72-BA1116BDAA10_1_105_c-200x300.jpeg 200w, https:\/\/ludothek-elsau.ch\/wordpress\/wp-content\/uploads\/2019\/12\/19FEC541-64AF-4E20-8C72-BA1116BDAA10_1_105_c.jpeg 724w\" sizes=\"auto, (max-width: 683px) 100vw, 683px\" \/><\/figure>\n\n\n\n<figure class=\"wp-block-image size-large\"><img loading=\"lazy\" decoding=\"async\" width=\"1024\" height=\"683\" data-id=\"105\" src=\"https:\/\/ludothek-elsau.ch\/wordpress\/wp-content\/uploads\/2019\/12\/C0780665-4E79-4AE0-98DF-61C6DE9C90FA_1_105_c-1024x683.jpeg\" alt=\"\" class=\"wp-image-105\" srcset=\"https:\/\/ludothek-elsau.ch\/wordpress\/wp-content\/uploads\/2019\/12\/C0780665-4E79-4AE0-98DF-61C6DE9C90FA_1_105_c-1024x683.jpeg 1024w, https:\/\/ludothek-elsau.ch\/wordpress\/wp-content\/uploads\/2019\/12\/C0780665-4E79-4AE0-98DF-61C6DE9C90FA_1_105_c-300x200.jpeg 300w, https:\/\/ludothek-elsau.ch\/wordpress\/wp-content\/uploads\/2019\/12\/C0780665-4E79-4AE0-98DF-61C6DE9C90FA_1_105_c-768x512.jpeg 768w, https:\/\/ludothek-elsau.ch\/wordpress\/wp-content\/uploads\/2019\/12\/C0780665-4E79-4AE0-98DF-61C6DE9C90FA_1_105_c.jpeg 1086w\" sizes=\"auto, (max-width: 706px) 89vw, (max-width: 767px) 82vw, 740px\" \/><\/figure>\n\n\n\n<figure class=\"wp-block-image size-large\"><img loading=\"lazy\" decoding=\"async\" width=\"1024\" height=\"683\" data-id=\"106\" src=\"https:\/\/ludothek-elsau.ch\/wordpress\/wp-content\/uploads\/2019\/12\/E40A29F5-0F7A-4EC1-A25C-D7CCBCCFC86B_1_105_c-1024x683.jpeg\" alt=\"\" class=\"wp-image-106\" srcset=\"https:\/\/ludothek-elsau.ch\/wordpress\/wp-content\/uploads\/2019\/12\/E40A29F5-0F7A-4EC1-A25C-D7CCBCCFC86B_1_105_c-1024x683.jpeg 1024w, https:\/\/ludothek-elsau.ch\/wordpress\/wp-content\/uploads\/2019\/12\/E40A29F5-0F7A-4EC1-A25C-D7CCBCCFC86B_1_105_c-300x200.jpeg 300w, https:\/\/ludothek-elsau.ch\/wordpress\/wp-content\/uploads\/2019\/12\/E40A29F5-0F7A-4EC1-A25C-D7CCBCCFC86B_1_105_c-768x512.jpeg 768w, https:\/\/ludothek-elsau.ch\/wordpress\/wp-content\/uploads\/2019\/12\/E40A29F5-0F7A-4EC1-A25C-D7CCBCCFC86B_1_105_c.jpeg 1086w\" sizes=\"auto, (max-width: 706px) 89vw, (max-width: 767px) 82vw, 740px\" \/><\/figure>\n\n\n\n<figure class=\"wp-block-image size-large\"><img loading=\"lazy\" decoding=\"async\" width=\"1024\" height=\"683\" data-id=\"107\" src=\"https:\/\/ludothek-elsau.ch\/wordpress\/wp-content\/uploads\/2019\/12\/F6202EA4-9A9C-4350-8CD5-D3293CAEB9E0_1_105_c-1024x683.jpeg\" alt=\"\" class=\"wp-image-107\" srcset=\"https:\/\/ludothek-elsau.ch\/wordpress\/wp-content\/uploads\/2019\/12\/F6202EA4-9A9C-4350-8CD5-D3293CAEB9E0_1_105_c-1024x683.jpeg 1024w, https:\/\/ludothek-elsau.ch\/wordpress\/wp-content\/uploads\/2019\/12\/F6202EA4-9A9C-4350-8CD5-D3293CAEB9E0_1_105_c-300x200.jpeg 300w, https:\/\/ludothek-elsau.ch\/wordpress\/wp-content\/uploads\/2019\/12\/F6202EA4-9A9C-4350-8CD5-D3293CAEB9E0_1_105_c-768x512.jpeg 768w, https:\/\/ludothek-elsau.ch\/wordpress\/wp-content\/uploads\/2019\/12\/F6202EA4-9A9C-4350-8CD5-D3293CAEB9E0_1_105_c.jpeg 1086w\" sizes=\"auto, (max-width: 706px) 89vw, (max-width: 767px) 82vw, 740px\" \/><\/figure>\n\n\n\n<figure class=\"wp-block-image size-large\"><img loading=\"lazy\" decoding=\"async\" width=\"1024\" height=\"683\" data-id=\"108\" src=\"https:\/\/ludothek-elsau.ch\/wordpress\/wp-content\/uploads\/2019\/12\/AF0F6614-210C-4E84-B2D5-6AEBB32F6C1D_1_105_c-1024x683.jpeg\" alt=\"\" class=\"wp-image-108\" srcset=\"https:\/\/ludothek-elsau.ch\/wordpress\/wp-content\/uploads\/2019\/12\/AF0F6614-210C-4E84-B2D5-6AEBB32F6C1D_1_105_c-1024x683.jpeg 1024w, https:\/\/ludothek-elsau.ch\/wordpress\/wp-content\/uploads\/2019\/12\/AF0F6614-210C-4E84-B2D5-6AEBB32F6C1D_1_105_c-300x200.jpeg 300w, https:\/\/ludothek-elsau.ch\/wordpress\/wp-content\/uploads\/2019\/12\/AF0F6614-210C-4E84-B2D5-6AEBB32F6C1D_1_105_c-768x512.jpeg 768w, https:\/\/ludothek-elsau.ch\/wordpress\/wp-content\/uploads\/2019\/12\/AF0F6614-210C-4E84-B2D5-6AEBB32F6C1D_1_105_c.jpeg 1086w\" sizes=\"auto, (max-width: 706px) 89vw, (max-width: 767px) 82vw, 740px\" \/><\/figure>\n\n\n\n<figure class=\"wp-block-image size-large\"><img loading=\"lazy\" decoding=\"async\" width=\"1024\" height=\"683\" data-id=\"109\" src=\"https:\/\/ludothek-elsau.ch\/wordpress\/wp-content\/uploads\/2019\/12\/A0DCFE97-E71B-4856-91D5-373554FB780B_1_105_c-1024x683.jpeg\" alt=\"\" class=\"wp-image-109\" srcset=\"https:\/\/ludothek-elsau.ch\/wordpress\/wp-content\/uploads\/2019\/12\/A0DCFE97-E71B-4856-91D5-373554FB780B_1_105_c-1024x683.jpeg 1024w, https:\/\/ludothek-elsau.ch\/wordpress\/wp-content\/uploads\/2019\/12\/A0DCFE97-E71B-4856-91D5-373554FB780B_1_105_c-300x200.jpeg 300w, https:\/\/ludothek-elsau.ch\/wordpress\/wp-content\/uploads\/2019\/12\/A0DCFE97-E71B-4856-91D5-373554FB780B_1_105_c-768x512.jpeg 768w, https:\/\/ludothek-elsau.ch\/wordpress\/wp-content\/uploads\/2019\/12\/A0DCFE97-E71B-4856-91D5-373554FB780B_1_105_c.jpeg 1086w\" sizes=\"auto, (max-width: 706px) 89vw, (max-width: 767px) 82vw, 740px\" \/><\/figure>\n\n\n\n<figure class=\"wp-block-image size-large\"><img loading=\"lazy\" decoding=\"async\" width=\"1024\" height=\"683\" data-id=\"110\" src=\"https:\/\/ludothek-elsau.ch\/wordpress\/wp-content\/uploads\/2019\/12\/9F903B31-E01B-4CC2-B23F-D365A082392B_1_105_c-1024x683.jpeg\" alt=\"\" class=\"wp-image-110\" srcset=\"https:\/\/ludothek-elsau.ch\/wordpress\/wp-content\/uploads\/2019\/12\/9F903B31-E01B-4CC2-B23F-D365A082392B_1_105_c-1024x683.jpeg 1024w, https:\/\/ludothek-elsau.ch\/wordpress\/wp-content\/uploads\/2019\/12\/9F903B31-E01B-4CC2-B23F-D365A082392B_1_105_c-300x200.jpeg 300w, https:\/\/ludothek-elsau.ch\/wordpress\/wp-content\/uploads\/2019\/12\/9F903B31-E01B-4CC2-B23F-D365A082392B_1_105_c-768x512.jpeg 768w, https:\/\/ludothek-elsau.ch\/wordpress\/wp-content\/uploads\/2019\/12\/9F903B31-E01B-4CC2-B23F-D365A082392B_1_105_c.jpeg 1086w\" sizes=\"auto, (max-width: 706px) 89vw, (max-width: 767px) 82vw, 740px\" \/><\/figure>\n\n\n\n<figure class=\"wp-block-image size-large\"><img loading=\"lazy\" decoding=\"async\" width=\"1024\" height=\"683\" data-id=\"111\" src=\"https:\/\/ludothek-elsau.ch\/wordpress\/wp-content\/uploads\/2019\/12\/27978D5C-DEC9-4295-B883-8C52A75A0A57_1_105_c-1024x683.jpeg\" alt=\"\" class=\"wp-image-111\" srcset=\"https:\/\/ludothek-elsau.ch\/wordpress\/wp-content\/uploads\/2019\/12\/27978D5C-DEC9-4295-B883-8C52A75A0A57_1_105_c-1024x683.jpeg 1024w, https:\/\/ludothek-elsau.ch\/wordpress\/wp-content\/uploads\/2019\/12\/27978D5C-DEC9-4295-B883-8C52A75A0A57_1_105_c-300x200.jpeg 300w, https:\/\/ludothek-elsau.ch\/wordpress\/wp-content\/uploads\/2019\/12\/27978D5C-DEC9-4295-B883-8C52A75A0A57_1_105_c-768x512.jpeg 768w, https:\/\/ludothek-elsau.ch\/wordpress\/wp-content\/uploads\/2019\/12\/27978D5C-DEC9-4295-B883-8C52A75A0A57_1_105_c.jpeg 1086w\" sizes=\"auto, (max-width: 706px) 89vw, (max-width: 767px) 82vw, 740px\" \/><\/figure>\n<\/figure>\n\n\n<p><!--EndFragment--><\/p>\n\n\n<div data-wp-interactive=\"core\/file\" class=\"wp-block-file\"><object data-wp-bind--hidden=\"!state.hasPdfPreview\" hidden class=\"wp-block-file__embed\" data=\"https:\/\/ludothek-elsau.ch\/wordpress\/wp-content\/uploads\/2025\/09\/RZ_Kerzenziehen_2025_A4.pdf\" type=\"application\/pdf\" style=\"width:100%;height:600px\" aria-label=\"Einbettung von RZ_Kerzenziehen_2025_A4.\"><\/object><a id=\"wp-block-file--media-d390e2db-93f3-483e-af49-3fd3988d1de8\" href=\"https:\/\/ludothek-elsau.ch\/wordpress\/wp-content\/uploads\/2025\/09\/RZ_Kerzenziehen_2025_A4.pdf\">RZ_Kerzenziehen_2025_A4<\/a><a href=\"https:\/\/ludothek-elsau.ch\/wordpress\/wp-content\/uploads\/2025\/09\/RZ_Kerzenziehen_2025_A4.pdf\" class=\"wp-block-file__button wp-element-button\" download aria-describedby=\"wp-block-file--media-d390e2db-93f3-483e-af49-3fd3988d1de8\">Herunterladen<\/a><\/div>\n","protected":false},"excerpt":{"rendered":"<p>Kerzenziehen 2025 Das Kerzenziehen findest dieses Jahr vom 5. &#8211; 12. November 2025 wie letztes Jahr hinter dem Kirchgemeindehaus Elsau im &#8222;Kerzenzieh-Zelt&#8220; statt! \u00d6ffnungszeiten Mittwoch, 5. November 2025 von 13.30 &#8211; 18.00 Uhr Donnerstag, 6. November 2025 von 13.30 &#8211; 18.00 Uhr Freitag, 7. November 2025 von 13.30 &#8211; 20.00 Uhr Samstag, 8. November 2025 &hellip; <\/p>\n<p class=\"link-more\"><a href=\"https:\/\/ludothek-elsau.ch\/wordpress\/?page_id=58\" class=\"more-link\"><span class=\"screen-reader-text\">\u201eAnl\u00e4sse\u201c <\/span>weiterlesen<\/a><\/p>\n","protected":false},"author":1,"featured_media":0,"parent":0,"menu_order":0,"comment_status":"closed","ping_status":"closed","template":"","meta":{"footnotes":""},"class_list":["post-58","page","type-page","status-publish","hentry"],"_links":{"self":[{"href":"https:\/\/ludothek-elsau.ch\/wordpress\/index.php?rest_route=\/wp\/v2\/pages\/58","targetHints":{"allow":["GET"]}}],"collection":[{"href":"https:\/\/ludothek-elsau.ch\/wordpress\/index.php?rest_route=\/wp\/v2\/pages"}],"about":[{"href":"https:\/\/ludothek-elsau.ch\/wordpress\/index.php?rest_route=\/wp\/v2\/types\/page"}],"author":[{"embeddable":true,"href":"https:\/\/ludothek-elsau.ch\/wordpress\/index.php?rest_route=\/wp\/v2\/users\/1"}],"replies":[{"embeddable":true,"href":"https:\/\/ludothek-elsau.ch\/wordpress\/index.php?rest_route=%2Fwp%2Fv2%2Fcomments&post=58"}],"version-history":[{"count":48,"href":"https:\/\/ludothek-elsau.ch\/wordpress\/index.php?rest_route=\/wp\/v2\/pages\/58\/revisions"}],"predecessor-version":[{"id":388,"href":"https:\/\/ludothek-elsau.ch\/wordpress\/index.php?rest_route=\/wp\/v2\/pages\/58\/revisions\/388"}],"wp:attachment":[{"href":"https:\/\/ludothek-elsau.ch\/wordpress\/index.php?rest_route=%2Fwp%2Fv2%2Fmedia&parent=58"}],"curies":[{"name":"wp","href":"https:\/\/api.w.org\/{rel}","templated":true}]}}